 5. What are the prime factors of k(-67)?
2, 11, 13, 71
Suppose -y = -3*f + 8*f - 10921, -54500 = -5*y - 4*f. Suppose 0 = 9*c + 7*c - y. List the prime factors of c.
3, 227
Suppose -i - 100 = 5*a, i = -3*a + 2*i - 52. Let z = -14 - a. Suppose 2*b + 5*n - 122 - 131 = 0, -2*n + 622 = z*b. What are the prime factors of b?
2, 31
Let w(r) = 22*r**2 - 2*r. Let h be w(5). Let n(f) = 8*f**2 + f - 2. Let k be n(1). Suppose 3*i + k*i = h. List the prime factors of i.
2, 3
Let w(r) = r**3 - 75*r**2 - 84*r - 313. What are the prime factors of w(77)?
5077
Let c(a) = -4*a**2 - 50*a - 2. Let m be c(-12). Suppose -32052 = -m*l + 9616. What are the prime factors of l?
2, 947
Suppose -2*r - 5*z = -2*z - 271, 0 = -2*r + 2*z + 256. Suppose -4*o + 737 + r = 0. Suppose 0 = 4*u - o - 47. What are the prime factors of u?
2, 3, 11
Suppose 21694 = -28*d + 73774. Suppose 5*x - d = -510. What are the prime factors of x?
2, 3, 5
Suppose -4*g + 10 = -2. Suppose -2 = -2*x - 4*b, 0 = x - g*b - 2 - 4. Suppose k - x*z = 44, -k = z - 3*z - 43. What are the prime factors of k?
41
Let l be 5*(-4)/(-50)*(0 + 10). Let v(u) = -7*u - 2. Let w be v(-2). Suppose 2*p + 2*p = -w, l*z = -3*p + 635. What are the prime factors of z?
7, 23
Let v(u) = 225*u**3 - 22*u**2 + 10*u + 1. List the prime factors of v(3).
2, 7, 211
Let t be (-21)/2 - (-6)/(-4). Let a(f) = 0*f**2 + 2*f**2 + f + 3 - 8*f + 10*f**2 + f**3. List the prime factors of a(t).
3, 29
Let y(u) = -6*u**3 - 194*u**2 + 82*u + 33. What are the prime factors of y(-34)?
3, 5, 587
Let m(l) = l**2 + 4*l - 16. Let r(i) = -i**3 + 21*i**2 - 37*i - 27. Let x be r(19). Let h be m(x). Suppose 17*u - 70 = h*u. List the prime factors of u.
2, 5, 7
Suppose 0 = p - 0 + 131. Let d = 216 + p. What are the prime factors of 102/d*(179 + 1)?
2, 3
Suppose -192*i + 75 = -189*i. Suppose 776 = -i*j + 27*j. Let m = -249 + j. List the prime factors of m.
139
Let l be 8 - (-2 - 0) - 3. Suppose -l*c - 20 = -12*c. Suppose -c*o - 248 = -872. What are the prime factors of o?
2, 3, 13
Let i be 19596/(-30) + (-2)/(-10). What are the prime factors of 16/(-4) - -7 - i?
2, 41
Let l(n) = 6*n + 1 + 0*n - 4*n - 3*n + 44*n**2. What are the prime factors of l(3)?
2, 197
Let n be -27*(-5)/(7 + -2). Let j = n + 15. What are the prime factors of j?
2, 3, 7
Suppose -100611 - 31668 = -6*p + 48945. What are the prime factors of p?
2, 3, 839
Let p = 23 + -99. Let h = 290 + p. Let g = h + -116. List the prime factors of g.
2, 7
Suppose 218*h = 39*h + 2885529 + 1469004. What are the prime factors of h?
3, 17, 53
Let k(q) = -q**3 - 16*q**2 - 43*q + 20. Let b be k(-13). Let w = 1007 + b. What are the prime factors of w?
13, 83
Let a(u) = u**3 - 6*u**2 - 9*u + 29. Let q be a(7). Suppose 3*j - 765 = -q. Let b = j - 148. What are the prime factors of b?
2, 3, 17
Let v(b) be the third derivative of 7*b**4/24 - 41*b**3/3 - 2*b**2 + 70. List the prime factors of v(28).
2, 3, 19
Suppose 299499 - 178499 = 52*x - 543560. List the prime factors of x.
2, 3, 5, 71
Let c(v) = 326*v**2 + 11*v - 49. What are the prime factors of c(4)?
3, 193
Let y = 182 + -182. Suppose 3*i - 1648 - 956 = y. What are the prime factors of i?
2, 7, 31
Suppose 5*f - 3*a = 5146, 15*a = -4*f + 19*a + 4120. What are the prime factors of f?
2, 257
Let v(j) = -2*j**2 + 20*j + 2. Let g be 0*4*2/8. Let u(k) = -k**3 + 2*k + 10. Let l be u(g). List the prime factors of v(l).
2
Suppose 5*a = l + 8 + 3, 4*l - 4*a = -12. List the prime factors of l + 33/27 + (-110265)/(-135).
19, 43
Let h(i) be the second derivative of i**5/20 - 11*i**4/12 + 5*i**3/6 + 4*i**2 - 29*i. Let l be h(10). Let w = -1 - l. List the prime factors of w.
41
Suppose -4*w + 202982 = 5*c, 1518*w = 4*c + 1514*w - 162400. List the prime factors of c.
2, 53, 383
Let v(l) = 5746*l**2 - 271*l - 551. What are the prime factors of v(-2)?
5, 919
Let r(v) = -83*v**3 + 6*v**2 - 92*v + 9. What are the prime factors of r(-6)?
3, 5, 29, 43
Suppose 5*v = 2*t + 32385, 5*v - 3*t + 9143 = 41533. List the prime factors of v.
5, 7, 37
List the prime factors of (-67086)/(-10)*245/147.
3, 3727
Let v be 178/1*(-18 - -19). Suppose -23 = l - 0*l + 4*f, -5*l + f = v. Let h = 90 + l. What are the prime factors of h?
5, 11
Let s = -1253 + 6997. What are the prime factors of s?
2, 359
Suppose 0 = -9*n - 35 - 46. Let v be ((-18)/(-10))/(n/(-75)). List the prime factors of 3450/v + (6/3)/1.
2, 29
Let a = -10261 - -19461. What are the prime factors of a?
2, 5, 23
Let q(i) = i**2 + 9*i - 76. Let d = -394 + 419. List the prime factors of q(d).
2, 3, 43
Let t(i) = -i**2 + 102*i - 781. List the prime factors of t(57).
2, 223
Let t = -24 + 66. Let i = -39 + t. Suppose i*d + 35 = 4*d. List the prime factors of d.
5, 7
Let n = 33 + -17. Suppose 1 = -5*q + n, 2*q = -5*z - 934. What are the prime factors of -3*(1/3 + z/12)?
2, 23
Suppose -3*r - 9 = -0*v - 3*v, 5*r - 15 = -5*v. Let g(b) be the first derivative of -2*b**3/3 + b**2/2 + 151*b - 6143. What are the prime factors of g(r)?
151
Suppose 13*v = 24*v - 198. What are the prime factors of 131*1*(v + -17)?
131
Let k(r) be the second derivative of r**4/12 + 25*r**3/6 - 10*r**2 + 44*r. Let x be k(-26). Let z(j) = j + 35. What are the prime factors of z(x)?
41
Let y(s) = 3*s + 8. Let n be y(3). Suppose -8*o = 176 - 1368. Let v = n + o. List the prime factors of v.
2, 83
Let x(g) = -g**3 + 57*g**2 - 94*g + 43. List the prime factors of x(35).
3, 7901
What are the prime factors of 12*45/54 - -10612?
2, 47, 113
Suppose -p - 11 = -3*c, -4*c + 0*c = -5*p - 33. Suppose -4*n + 403 = -3*n - c*r, 2 = -2*r. What are the prime factors of n?
401
Suppose -6 = 5*h + 4*g + 8, 4*g - 4 = 4*h. List the prime factors of (4 + h)*-1*-191.
2, 191
Let u be (2/3)/(((-28)/(-534))/7). Let b = u + -84. Suppose -6*x - b*x = -2057. What are the prime factors of x?
11, 17
Suppose 190*v = 160*v + 180390. List the prime factors of v.
7, 859
Let f(x) = -6*x - 4. Let r be f(-18). Let u = -9 - 51. Let o = r + u. List the prime factors of o.
2, 11
Suppose -5*g = -3*b + 22988, b = 3*g + 11237 - 3573. List the prime factors of b.
47, 163
Suppose -1 = -2*d - 25. Let b(h) = -7*h + 34. Let g be b(-4). Let z = d + g. What are the prime factors of z?
2, 5
Suppose 288757 = 64*f - 118667. What are the prime factors of f?
2, 3, 1061
Let m(i) = 2*i - 54. Let d be m(27). Suppose -14*l + 19*l - 505 = d. What are the prime factors of l?
101
Let t(d) = 986*d**2 - 6*d + 7. Let o be t(2). Suppose -19*l + o = 1184. What are the prime factors of l?
5, 29
Suppose -4*d + 302827 = t, 0 = 3*d + 35*t - 37*t - 227101. List the prime factors of d.
3, 5, 7, 103
Suppose 4*x + q - 13 = 2, -x + 2 = 2*q. Let o be (4 + -3)*10*(-22)/x. Let t = o + 153. List the prime factors of t.
2, 7
Suppose -z - 40 = 3*z. Let i(p) = 301*p - 103*p + 24 - 101*p - 102*p. List the prime factors of i(z).
2, 37
Let l = 42 - -8. Suppose -l*y + 43*y = -3654. List the prime factors of y.
2, 3, 29
List the prime factors of 776/(-194)*(-1 + 6870/(-8)).
19, 181
Let b = -55 - -57. Suppose -2*f + 226 = -b*u, u + 164 + 58 = 2*f. Let z = -48 + f. List the prime factors of z.
61
Let b(m) = -389*m - 16. Let a be b(-5). Let o = a + -1096. Suppose 5*h = s + 848, -7*h - 4*s = -2*h - o. What are the prime factors of h?
13
Suppose -77*d + 3074108 + 1742287 = -306954. What are the prime factors of d?
3, 7393
Let f(o) = 57*o**3 - 8*o**2 - 5*o - 5. List the prime factors of f(4).
3, 5, 233
List the prime factors of 7049 - (-30)/(-50)*-5.
2, 41, 43
Suppose -6*v = -4*v - 2*c - 148, 0 = 2*v + 4*c - 172. Let h(p) = 45*p**2 - 2*p + 1. Let q be h(1). Suppose v = m - q. List the prime factors of m.
2, 61
Let a = 18197 + -10866. What are the prime factors of a?
7331
Let b(m) = -86*m**3 + 66*m**2 + 375*m - 1. List the prime factors of b(-5).
2, 3, 877
Suppose -1109976 = 605*r - 626*r. What are the prime factors of r?
2, 6607
Let x(o) = 37*o**2 + 17*o + 93. Let p(a) = 13*a**2 + 6*a + 31. Let k(n) = -17*p(n) + 6*x(n). What are the prime factors of k(13)?
2, 5
Let m = 333 - 272. Suppose 71 = 5*i + m. What are the prime factors of i?
2
Suppose 0 = 18*v + 629 - 2969. List the prime factors of v.
2, 5, 13
Suppose 4*h + 345 = -h. Let x = -18 - h. Let k = -34 + x. What are the prime factors of k?
17
Suppose 11 = 4*f + 3. Let t(g) = -g**3 - 4*g**2 + 12*g + 11. Let b be t